7*y - 221. Give p(j).
7
Suppose -12*a = -10*a - 34. Let d = a - 10. Let s(z) be the third derivative of z**4/24 - 5*z**3/3 + 168*z**2 + 2. Calculate s(d).
-3
Let p = 95 + -85. Let g(v) = -7*v**3 - 5*v**2 + 7*v - 22. Let s be g(-6). Let r(f) = -1258*f**2 + 4*f + s*f**2 - 13 - f**3 - 3*f. What is r(p)?
-3
Let r be (-1628)/88*2/(-1). Suppose 0 = -5*x + 22 - r. Let j(d) = d - d - d + 0. Give j(x).
3
Let f(r) = -r**2 + 12*r - 6. Let o be f(11). Let y(a) = 4*a + 70. Let h(w) = 4*w + 55. Let q(m) = 5*h(m) - 4*y(m). Determine q(o).
15
Suppose 156 = -7*g - 9*g - 68. Let k(u) be the first derivative of -u**4/4 - 5*u**3 - 15*u**2/2 - 21*u - 4. Calculate k(g).
-7
Let y be 11 + (-5 - 2) + 2/(-2). Let f(s) = 6*s**2 - 9 + 3 - 3*s**2 - 4*s**2 - 4*s - y*s. Give f(-5).
4
Let k(q) = 6*q**2 - 2*q. Let y be k(1). Suppose -2*g - 8 = 5*h - 42, -37 = -3*g - y*h. Let c(r) = -8*r + 11*r**3 + 23*r**3 + 8*r**2 - 35*r**3. Give c(g).
-7
Let x = 5 + -3. Let t(u) = u + 4*u - u**2 + 2*u**x + 3. Suppose -14*o = -18*o - 16. Give t(o).
-1
Let f(z) = 9 - 3*z - 6*z**2 - 14*z + 6*z - 6*z + 4*z**2. Calculate f(-9).
0
Suppose -n - 2*o = 0, 6*o = 74*n - 75*n + 3*o. Let m(d) = 2*d**2 - 2*d + 1. Let p(j) = -j**2 + 2*j - 2. Let q(z) = 2*m(z) + 3*p(z). Determine q(n).
-4
Let p(h) be the first derivative of 1/3*h**3 - 1/20*h**5 + 0*h**4 - 4 - 19*h - 1/2*h**2. Let i(r) be the first derivative of p(r). What is i(2)?
-5
Let c(g) = -g**2 - 21*g - 19. Let w be c(-20). Let u(i) = -19*i + 468. Let p(s) = -18*s + 390. Let r(m) = 6*p(m) - 5*u(m). Calculate r(w).
-13
Let r(u) = 5. Let c(y) be the second derivative of y**4/12 + 4*y**3/3 - 35*y**2/2 - 9*y + 10. Let l(b) = -c(b) - 6*r(b). Determine l(-8).
5
Let a(i) = 1688*i**3 - 4*i**2 + 2*i. Let h be a(1). Let p(u) = -6*u - h*u**2 + 0*u + 1687*u**2. What is p(3)?
-9
Suppose 3 = -p, -591*g + 595*g - 4*p - 108 = 0. Let l(k) = k**3 - 24*k**2 + 5. What is l(g)?
5
Let r(c) = -20*c**3 - 42*c**2 + 42*c - 5. Let q(h) = -11*h**3 - 22*h**2 + 22*h - 3. Let v(p) = 11*q(p) - 6*r(p). Give v(9).
-12
Suppose 22*n - 25*n + 18 = 0. Let t(p) = -2*p**2 + 9*p + 20. Let h be t(n). Let c(k) = -4*k**2 - k + 1. Determine c(h).
-17
Let f(t) = t**3 - 20*t**2 + 2*t - 33. Let v be f(20). Let z(u) = u**2 + 31*u - 16*u - 23*u - 6 - 1. Give z(v).
-14
Let k(g) = 68*g**2 - 5*g + 9. Let m(r) = -32*r**2 + 2*r - 4. Let o(p) = 4*k(p) + 9*m(p). Give o(1).
-18
Let f(b) = -12*b + 106. Let p be f(8). Let q(j) = -2*j**2 - 6 + j**2 + 9 - p*j. What is q(-10)?
3
Let b be (3 - (-50)/(-5)) + 9. Let k(j) = 6*j**3 - 2*j**3 - 2*j + 5*j - 2*j - 5*j**b - 5*j**3. Give k(-5).
-5
Let w(f) be the second derivative of -f**5/20 + f**4/12 + 5*f**3/6 - f**2/2 - 2079*f - 3. Calculate w(2).
5
Suppose 0*x = x + 2*v - 1, 0 = -2*x + 2*v + 14. Let c = 43 + -40. Let j(l) = 1 - c*l + 4*l + 1 + 2. Give j(x).
9
Let s = -91 - -90. Let n be 11 + (-1 - s) - (74 + -69). Let o(a) = -a**2 + 3*a + 3. What is o(n)?
-15
Let s(r) = -13*r**3 + 4*r**2 - 10*r - 9. Let z(j) = -12*j**3 + 4*j**2 - 8*j - 8. Let v(f) = -5*s(f) + 6*z(f). What is v(2)?
-39
Let f(h) be the first derivative of h**2 - 7*h + 4. Let l be f(5). Let m be -6*l/6 + 8. Let c(o) = o**2 - 5*o + 4. Calculate c(m).
4
Let v(f) = -f + 9. Let y(i) = -5*i - 30. Let a be y(-7). Suppose a*q - 45 = -10. Calculate v(q).
2
Let z(o) = -15 + 223 - 112 - 133 + o. Give z(-14).
-51
Let m(z) = z**3 + 10*z**2 + 21*z - 5. Let h be m(-7). Let s(y) = -4*y - 56. Let i(a) = a + 31. Let p(t) = 7*i(t) + 4*s(t). What is p(h)?
38
Suppose -55*o + 53*o + 16 = -2*t, t - 28 = -3*o. Let l(f) = -7*f - 18. Calculate l(o).
-81
Suppose 3*m - h = -5*h + 8, -m + 3*h = -20. Let k(a) be the third derivative of a**6/120 - 7*a**5/60 - 3*a**4/8 + 5*a**3/3 + 2690*a**2. Determine k(m).
2
Let d(q) = -6*q**2 + 3*q - 1. Let r(f) = -f**3 - 7*f**2 - 19*f + 3. Let n be r(-5). Suppose -4*s + n = 24. Suppose -2*g = g - s. What is d(g)?
-19
Let c = -4141 - -4141. Let l(y) = 4*y - 16. What is l(c)?
-16
Let w be (2 - 10) + -9 + (2 - -3). Let c(a) = a + 53 + 0*a - 45. Calculate c(w).
-4
Let y(b) = -16*b**3 - 9*b**2 + 10*b - 28. Let w(t) = -13*t**3 - 7*t**2 + 8*t - 23. Let c(g) = -11*w(g) + 9*y(g). Determine c(-2).
-11
Let m be 2/(-2)*(3 + 4 + -9). Let q(f) = -f**3 + 5*f + 2569*f**2 - 2567*f**m - 3 + 0*f. Give q(4).
-15
Let z(m) = -19*m**2 - 18*m - 13. Let t(w) = 9*w**2 + 8*w + 6. Let s(j) = -13*t(j) - 6*z(j). Give s(-3).
-39
Suppose 44*m - 99 = -17*m + 206. Let r(d) be the second derivative of d**5/20 - d**4/2 + d**3/3 + 7*d**2/2 - 2*d. Calculate r(m).
-8
Let l(t) = t**3 - 6*t**2 - 10*t + 3. Let f be 30*((-36)/10 + 4). Suppose z = -5*m + f, 3*z + m = -2*z + 36. What is l(z)?
-18
Let j = -6 - -8. Suppose -18 = -2*h - j. Suppose 41 = h*g - 7. Let u(c) = 2*c - 9. Give u(g).
3
Suppose 0 = 2*l + 16, -4*u + 5*l + 60 = 10*l. Let r(j) = j**3 - 24*j**2 - 26*j + 20. Determine r(u).
-5
Let r be ((-2)/(-7))/1 + 6/(-21). Suppose -8 = 4*l + 5*m, -2*l + 6*l + 2*m - 4 = r. Let q(n) = 2*n. Calculate q(l).
6
Let h(m) = 2*m + 103 - 37 + 20. Determine h(0).
86
Let p(n) be the third derivative of -n**5/30 + n**4/12 + 3*n**2 + 5*n. Let j(v) = 2*v + 12. Suppose 6 = -2*o - 4. Let h be j(o). Calculate p(h).
-4
Suppose 16*x - 32 = -128. Let d(w) = 65*w - 1 - 60*w + 35 - 6. Calculate d(x).
-2
Let t(w) = -7*w**3 + w**2 - w. Suppose 3*p - 5*c = p - 28, -4*p + 34 = 5*c. Determine t(p).
-7
Let s = -1593 - -1601. Let c(f) = 2*f**3 - 16*f**2 + 15. Determine c(s).
15
Let w = 45 + -39. Suppose 0 = 2*s + 4*v - w, 3*v = 5 - 2. Let u(j) = -2*j + s - 8 + 1. Calculate u(-4).
2
Let w = -2 + 3. Let p(k) be the second derivative of 3*k**4/4 - k**3/3 + k**2/2 + 882*k. Give p(w).
8
Let h(s) = -11*s**2 + 1 - 80*s + 80*s. Suppose -1 = -3*v + 7*t - 3*t, 5*v = -t - 6. Give h(v).
-10
Let b(j) = j. Let q(f) be the second derivative of -3*f**3/2 - 49*f**2/2 - 13*f + 2. Let u be q(-6). Calculate b(u).
5
Let o(x) = 2 + 6 - 301*x + 31 + 293*x. Calculate o(12).
-57
Let h(q) = -19*q**2 - 65*q + 46. Let z be h(-4). Let s(x) be the first derivative of -6*x**2 + 1/3*x**3 - z*x + 10. Calculate s(12).
-2
Let c(u) = -u - 1. Let z = 3811 - 3800. Give c(z).
-12
Let j(p) be the first derivative of 2*p**3/3 + 19*p**2 - 89*p - 1345. Give j(-21).
-5
Suppose 6*p = 19 - 1. Let r(c) = c**p + 3 + 0*c + 2*c + c**2 + 4*c**2 - 4. Let s = -2 - 2. Give r(s).
7
Let u(n) = -4*n + 40. Suppose -72 = -1168*v + 1156*v. Determine u(v).
16
Let b(f) = -f + 1. Let o(w) = -2*w - 6. Let h(l) = 4*b(l) + o(l). Suppose 60*r - 274 = 395 - 429. Determine h(r).
-26
Let s(r) = -r + 7. Let p be s(6). Let l(k) = -49*k**2 + 0 + 92*k**2 + k - 61*k**2 - 1 - 23*k**2 + k. Calculate l(p).
-40
Let n(x) = 2*x**2 + x + 4. Let t(l) = 2*l**2 + 11*l + 20. Let f be t(-3). Let z(a) = 3*a**2 + 2*a + 8. Let r(v) = f*n(v) - 3*z(v). Determine r(4).
8
Let t(m) = m**3 + 11*m**2 + 7*m - 25. Let b = -435 - -425. Determine t(b).
5
Let f = -435 + 437. Let r(i) = 8*i**3 + 5*i - 20*i**3 + 6*i**3 + 6*i**3 - 7 + 7*i**f + i**3. Calculate r(-6).
-1
Let a(b) = b**2 - 17*b - 31. Suppose -2*v = -0*n - 3*n - 26, -4*v + 64 = -3*n. What is a(v)?
7
Suppose 4*f = -85*f + 57 + 121. Let v(r) be the first derivative of 0*r + 1/2*r**f - 27. Determine v(3).
3
Let a(n) = -49025*n**3 + 17*n**2 + 58 - 49022*n**3 + 15*n + 98046*n**3. What is a(18)?
4
Let n(y) = y**3 - 5*y**2 + 2*y - 1. Let f be n(4). Let k be (0 - -6)/(f/(-15)). Let p(u) = k*u**3 - 21*u + 41*u - 19*u. Determine p(-1).
-11
Let n be (-4)/(4/57)*5/(-15). Suppose 4*y - 5*h = n, 4*y + 2 = 9*y + h. Let x(u) = 6*u**2 - 2*u + 1. Calculate x(y).
5
Let u(f) = -f**3 + 14*f**2 + 5*f + 17. Let h(n) = -n**3 + 2*n. Let x(j) = 2*h(j) - u(j). Let y(b) = 2*b**2 - 83*b + 106. Let z be y(40). Give x(z).
-3
Let z(h) be the third derivative of -h**4/24 + 2*h**2 + 13*h. Suppose 0 = 2*r - 3*x - 5 + 19, -4*r - x = 0. Let w be (5/r*-2)/2. What is z(w)?
-5
Let n(g) be the second derivative of -3*g**5/20 + 17*g**4/12 - 13*g**3/6 + 5*g**2/2 + 1945*g. Calculate n(5).
-10
Suppose 0 = -j, 4*y + 0*j - j - 4 = 0. Let f = -706 + 707. Let r(t) = -t**2 + t. Let i(p) = 4*p**2 - 4*p. Let c(l) = f*i(l) + 5*r(l). Determine c(y).
0
Let i = -572 - -553. Let a(n) = -n - 29. Calculate a(i).
-10
Let r be (-8)/(-32)*-4*(1 - -1). Let a(q) be the third derivative of -q**2 - 1/8*q**4 + 0 + 1/60*q**6 + 0*q + 0*q**3 - 1/30*q**5. Calculate a(r).
-